when 36876 is divided by 9214?
20
What is the remainder when 10042030 is divided by 143?
141
What is the remainder when 5371494 is divided by 491?
445
Calculate the remainder when 8374558 is divided by 2390.
2388
What is the remainder when 264335 is divided by 21970?
695
What is the remainder when 203507 is divided by 2791?
2555
Calculate the remainder when 314639478 is divided by 3292.
3286
Calculate the remainder when 902187 is divided by 173.
165
What is the remainder when 24334353 is divided by 33?
21
Calculate the remainder when 22593871 is divided by 59.
57
Calculate the remainder when 393910 is divided by 47.
3
Calculate the remainder when 150462458 is divided by 125910.
8
What is the remainder when 65053 is divided by 9134?
1115
What is the remainder when 2186159 is divided by 7215?
14
What is the remainder when 2500250 is divided by 2499145?
1105
Calculate the remainder when 125543 is divided by 62754.
35
What is the remainder when 200957 is divided by 64901?
6254
What is the remainder when 204575460 is divided by 7949?
7945
Calculate the remainder when 139351 is divided by 959.
296
What is the remainder when 226984 is divided by 37674?
940
Calculate the remainder when 73022 is divided by 649.
334
What is the remainder when 3947322 is divided by 4314?
12
What is the remainder when 23089 is divided by 4050?
2839
Calculate the remainder when 13568063 is divided by 9.
5
Calculate the remainder when 786507 is divided by 11566.
19
Calculate the remainder when 6562690 is divided by 4732.
4138
Calculate the remainder when 39820597 is divided by 8170.
17
What is the remainder when 664809 is divided by 664780?
29
What is the remainder when 309788 is divided by 103259?
11
What is the remainder when 12201831 is divided by 3546?
45
Calculate the remainder when 4085493 is divided by 93.
3
Calculate the remainder when 227771 is divided by 7881.
7103
What is the remainder when 39612 is divided by 2300?
512
Calculate the remainder when 756830 is divided by 28030.
20
Calculate the remainder when 66867458 is divided by 6470.
8
Calculate the remainder when 6559090 is divided by 6062.
6
What is the remainder when 47267 is divided by 1382?
279
What is the remainder when 5047028 is divided by 70097?
44
Calculate the remainder when 20828 is divided by 991.
17
Calculate the remainder when 244381 is divided by 11108.
5
What is the remainder when 7091 is divided by 1045?
821
Calculate the remainder when 520337 is divided by 411.
11
What is the remainder when 89893 is divided by 1795?
143
Calculate the remainder when 6021707 is divided by 3010814.
79
Calculate the remainder when 60340 is divided by 442.
228
Calculate the remainder when 92007189 is divided by 21.
15
What is the remainder when 19473750 is divided by 4868435?
10
Calculate the remainder when 825003 is divided by 153.
27
Calculate the remainder when 11275658 is divided by 5269.
5267
What is the remainder when 290050 is divided by 275525?
14525
What is the remainder when 1753622262 is divided by 47?
45
What is the remainder when 1992961 is divided by 166?
131
Calculate the remainder when 176246 is divided by 705.
701
Calculate the remainder when 1444377 is divided by 26.
25
What is the remainder when 27458141 is divided by 466?
23
What is the remainder when 88342 is divided by 44?
34
What is the remainder when 3034184 is divided by 505548?
896
Calculate the remainder when 2629882 is divided by 4934.
60
What is the remainder when 286584 is divided by 882?
816
What is the remainder when 166705 is divided by 2655?
2095
What is the remainder when 10404675 is divided by 33?
6
Calculate the remainder when 513192 is divided by 1677.
30
Calculate the remainder when 266207 is divided by 14707.
1481
Calculate the remainder when 26300331 is divided by 12975.
6
Calculate the remainder when 73641 is divided by 3650.
641
Calculate the remainder when 159733478 is divided by 53244487.
17
Calculate the remainder when 111622 is divided by 54757.
2108
Calculate the remainder when 5622870 is divided by 2811408.
54
Calculate the remainder when 104062233 is divided by 129.
126
What is the remainder when 366434 is divided by 61053?
116
Calculate the remainder when 2863999 is divided by 5821.
67
What is the remainder when 836698 is divided by 126?
58
Calculate the remainder when 5909876 is divided by 179083.
137
Calculate the remainder when 9510287 is divided by 60.
47
Calculate the remainder when 23769 is divided by 5536.
1625
Calculate the remainder when 2702 is divided by 267.
32
What is the remainder when 10054829 is divided by 1436?
1393
Calculate the remainder when 33491 is divided by 1085.
941
What is the remainder when 18991026 is divided by 4747747?
38
Calculate the remainder when 74177 is divided by 4104.
305
Calculate the remainder when 13808453 is divided by 760.
13
Calculate the remainder when 260787198 is divided by 4136.
4126
What is the remainder when 1410038863 is divided by 15?
13
Calculate the remainder when 10763 is divided by 8188.
2575
What is the remainder when 2369676 is divided by 263286?
102
Calculate the remainder when 4029465 is divided by 756.
741
What is the remainder when 180530 is divided by 35790?
1580
Calculate the remainder when 38917059 is divided by 55.
49
Calculate the remainder when 9152558 is divided by 519.
512
Calculate the remainder when 259026 is divided by 258396.
630
Calculate the remainder when 406151 is divided by 23.
17
Calculate the remainder when 155193151 is divided by 6049.
7
What is the remainder when 8138644 is divided by 10765?
304
What is the remainder when 18502491 is divided by 16?
11
Calculate the remainder when 7548546 is divided by 243.
237
Calculate the remainder when 236930188 is divided by 105.
103
What is the remainder when 22156220 is divided by 1002?
998
Calculate the remainder when 1500955 is divided by 75002.
915
Calculate the remainder when 9161950 is divided by 592.
158
Calculate the remainder when 12754991 is divided by 13356.
11
Calculate the remainder when 35372608 is divided by 662.
624
What is the remainder when 41008 is divided by 23?
22
Calculate the remainder when 3945379 is divided by 1315109.
52
What is the remainder when 864087 is divided by 823?
760
What is the remainder when 25176145 is divided by 2797348?
13
What is the remainder when 1340235 is divided by 6635?
6600
What is the remainder when 12601807 is divided by 99?
97
Calculate the remainder when 437422 is divided by 56.
6
What is the remainder when 530305 is divided by 58906?
151
What is the remainder when 115054 is divided by 14381?
6
Calculate the remainder when 18011830 is divided by 2365.
2355
What is the remainder when 4740210 is divided by 37?
29
Calculate the remainder when 45443814 is divided by 88.
86
What is the remainder when 3718290 is divided by 31?
26
Calculate the remainder when 589849 is divided by 181.
151
Calculate the remainder when 2952340 is divided by 147.
139
Calculate the remainder when 141241 is divided by 3157.
2333
Calculate the remainder when 3207331 is divided by 152729.
22
Calculate the remainder when 15885293 is divided by 261.
50
What is the remainder when 6466450 is divided by 68?
58
What is the remainder when 72435013 is divided by 45?
43
Calculate the remainder when 364351 is divided by 90962.
503
Calculate the remainder when 2059806 is divided by 454.
8
Calculate the remainder when 4092671 is divided by 4092648.
23
Calculate the remainder when 11141853 is divided by 179.
177
Calculate the remainder when 1212477 is divided by 1742.
45
What is the remainder when 1240558 is divided by 3317?
0
What is the remainder when 92901 is divided by 75?
51
Calculate the remainder when 3191870 is divided by 18033.
29
What is the remainder when 628463250 is divided by 10012?
10010
Calculate the remainder when 12159732 is divided by 221086.
2
What is the remainder when 17289927 is divided by 1412?
1399
What is the remainder when 20299497 is divided by 225?
222
What is the remainder when 525864 is divided by 87354?
1740
What is the remainder when 5070842 is divided by 3773?
3703
Calculate the remainder when 1375357 is divided by 61.
51
Calculate the remainder when 22713 is divided by 217.
145
Calculate the remainder when 3755688 is divided by 625932.
96
Calcula